).
17
Let t(q) = -522*q**2 + 4194*q + 17. Calculate t(8).
161
Let c(u) = -5*u**2 + 7*u + 60. Give c(-7).
-234
Let q(i) = -i + 103. What is q(102)?
1
Let y(j) = 15*j - 386. Determine y(23).
-41
Let n(x) = 49*x**2 - 424*x + 2. Calculate n(6).
-778
Let m(s) = 201*s + 8246. What is m(-41)?
5
Let w(b) = -b**3 + 82*b**2 + 161*b + 585. Determine w(84).
-3
Let o(c) = 48*c - 260. Give o(6).
28
Let r(x) = x**2 + 87*x + 959. Give r(-74).
-3
Let p(q) = 2*q**3 + q**2 + 18*q + 16. Give p(-1).
-3
Let y(x) = 7*x**2 + 31*x + 17. What is y(-3)?
-13
Let n(j) = 9*j**2 + 475*j + 363. Determine n(-52).
-1
Let h(n) = -1220*n**2 - 63441*n - 46. Give h(-52).
6
Let c(f) = f**3 - 2*f**2 + 2*f + 69. What is c(-9)?
-840
Let j(r) = r**3 - 9*r**2 - 52*r + 463. Calculate j(9).
-5
Let w(g) = -g**2 + 44*g + 2248. What is w(75)?
-77
Let m(j) = 4*j**2 + 53*j + 51. Give m(-1).
2
Let o(x) = -x**2 - 21*x + 10. What is o(-18)?
64
Let h(b) = 10*b**2 - 47*b + 6. What is h(7)?
167
Let g(t) = -t**3 - 35*t**2 - 71*t - 166. What is g(-33)?
-1
Let m(k) = -k**3 - 37*k**2 - 100*k + 75. Give m(-34).
7
Let x(r) = -r**3 - 62*r**2 - 2*r - 12. Calculate x(0).
-12
Let p(r) = -r**3 - 107*r**2 + 221*r + 272. Give p(-109).
-55
Let g(d) = -d - 82. What is g(29)?
-111
Let w(h) = -h**3 + 27*h**2 - 54*h - 17. Calculate w(25).
-117
Let y(p) = -2*p + 196. Determine y(110).
-24
Let o(f) = -f**2 + 24*f + 34. Give o(25).
9
Let s(p) = -151*p - 1659. What is s(-11)?
2
Let h(l) = 22*l**2 - 157*l - 352. Give h(9).
17
Let h(z) = 4*z**3 - 36*z**2 - 700*z + 6307. Determine h(9).
7
Let l(h) = -h**2 + 190*h - 741. Calculate l(4).
3
Let w(r) = -r**2 - 118*r - 3353. What is w(-68)?
47
Let y(f) = -459*f - 1366. Determine y(-3).
11
Let z(d) = 34*d - 186. What is z(7)?
52
Let r(m) = m**3 - 26*m**2 + 25*m + 16. What is r(25)?
16
Let l(n) = 316*n - 641. Calculate l(2).
-9
Let f(d) = -158*d - 2316. Determine f(-15).
54
Let k(i) = 1565*i - 23466. Give k(15).
9
Let o(i) = -2224*i - 15564. Calculate o(-7).
4
Let p(t) = 20*t + 259. Determine p(-12).
19
Let o(u) = -u**3 + 23*u**2 - 46*u + 70. Calculate o(21).
-14
Let v(x) = -x**2 + 91*x - 598. What is v(84)?
-10
Let o(m) = 423*m - 11853. Calculate o(28).
-9
Let u(o) = o**3 + 149*o**2 + 1124*o - 42. Calculate u(-8).
-10
Let u(c) = c**3 + 14*c**2 + 15*c + 37. Determine u(-13).
11
Let f(s) = 36*s**3 - 4*s**2 - s - 4. What is f(-2)?
-306
Let v(x) = -x**3 + 124*x**2 + 2403*x + 123. What is v(-17)?
21
Let k(m) = 10*m + 42. What is k(5)?
92
Let d(y) = -242*y + 35825. Calculate d(148).
9
Let x(d) = 44*d - 5. What is x(-3)?
-137
Let t(f) = -11*f**2 + 240*f. Give t(22).
-44
Let a(s) = s**3 + 16*s**2 + 30*s + 35. Determine a(-14).
7
Let o(q) = q**3 + 9*q**2 + 30*q + 33. What is o(-3)?
-3
Let j(w) = -w**3 + 50*w**2 + 42*w - 645. Give j(51).
-1104
Let l(c) = c**3 - 3*c**2 - 31*c + 26. Calculate l(7).
5
Let j(b) = -b**3 - 31*b**2 - 63*b - 123. Determine j(-29).
22
Let m(r) = r**3 + 32*r**2 - 35*r - 1110. Determine m(-32).
10
Let v(m) = -30*m**2 - 573*m + 4. Calculate v(-19).
61
Let l(t) = t**2 + 12*t + 48. Give l(-5).
13
Let t(h) = -211*h + 7185. Calculate t(34).
11
Let r(d) = d**2 + 8*d - 73. Calculate r(-16).
55
Let a(g) = 8*g**3 - 2*g**2 + 2*g + 2. What is a(3)?
206
Let k(y) = -93*y + 26618. What is k(286)?
20
Let s(p) = 79*p - 879. Determine s(6).
-405
Let b(d) = -71*d + 92. Give b(-7).
589
Let t(u) = -84*u**2 - 834*u + 62. Determine t(-10).
2
Let h(r) = 89*r - 5515. Give h(62).
3
Let m(v) = -v**3 - 17*v**2 + 132*v - 134. Calculate m(-23).
4
Let j(s) = 2*s**3 + 3*s**2 + 6*s + 28. Calculate j(-3).
-17
Let j(b) = -2*b**3 + 20*b**2 - 44*b - 2. What is j(7)?
-16
Let j(q) = -78*q**2 - 3*q + 2. Determine j(1).
-79
Let f(s) = -s**2 - 26*s + 154. Determine f(5).
-1
Let b(v) = 3*v**2 + 308*v + 5501. Determine b(-23).
4
Let n(w) = -6*w**2 - 583*w + 1065. Give n(-99).
-24
Let h(s) = 81*s**2 + 70*s - 69. Calculate h(1).
82
Let m(v) = v**2 + 36*v + 104. Determine m(-5).
-51
Let y(d) = 3*d**3 - 12*d**2 + 7*d - 2. Give y(4).
26
Let c(s) = s**2 + 12*s - 44. What is c(4)?
20
Let w(b) = -40*b**2 - 180*b - 18. Determine w(-4).
62
Let l(t) = -2*t**2 - 86*t + 605. What is l(-49)?
17
Let a(v) = -523*v + 33477. Calculate a(64).
5
Let w(u) = -5632*u - 45072. What is w(-8)?
-16
Let f(h) = -5*h**2 + 7*h - 2. Give f(3).
-26
Let j(x) = 6*x**2 - 9*x - 18. Calculate j(-6).
252
Let q(w) = -w**3 - 58*w**2 + 101*w - 1142. Determine q(-60).
-2
Let j(s) = 78*s + 662. Give j(-8).
38
Let o(r) = -r**3 + 80*r**2 + 234*r + 142. Calculate o(-2).
2
Let o(f) = 2*f + 119. Calculate o(-9).
101
Let u(q) = q**3 + 43*q**2 - 89*q - 51. Calculate u(-45).
-96
Let y(z) = 6*z**2 - 424*z + 2685. Calculate y(7).
11
Let n(l) = -78*l + 370. What is n(5)?
-20
Let b(r) = 74*r + 781. Calculate b(-10).
41
Let p(r) = 3*r**2 + 269*r - 359. Give p(-91).
5
Let q(y) = 62*y**3 - 3*y + 2. Determine q(1).
61
Let l(n) = -n**3 - 26*n**2 - 71*n - 27. Determine l(-2).
19
Let f(v) = -v**3 + 15*v**2 + 36*v - 61. Calculate f(17).
-27
Let b(i) = 242*i - 5572. Determine b(23).
-6
Let m(g) = 348*g + 22287. Calculate m(-64).
15
Let t(a) = -a**3 - 34*a**2 + 122*a + 414. Calculate t(-37).
7
Let d(w) = w**3 + 11*w**2 + 20*w + 137. Calculate d(-10).
37
Let m(j) = j**3 + 25*j**2 + 121*j - 265. Give m(-17).
-10
Let g(w) = -w**3 - 19*w**2 - 14*w + 79. What is g(-18)?
7
Let v(f) = 166*f - 2391. Give v(13).
-233
Let o(y) = 4*y - 27. Give o(31).
97
Let o(c) = -3*c**3 + 70*c**2 + 23*c + 597. What is o(24)?
-3
Let v(b) = 429*b - 533. Give v(1).
-104
Let b(i) = -i**3 - 11*i**2 - 32*i - 24. Give b(-5).
-14
Let o(w) = w**2 + 322*w - 11335. Calculate o(32).
-7
Let u(w) = w**3 - 8*w**2 - 32*w + 111. Determine u(10).
-9
Let k(r) = r**3 - 23*r**2 - 92*r + 2818. Calculate k(21).
4
Let c(t) = 60*t**3 + 3*t**2 - 5*t - 6. Give c(-1).
-58
Let p(j) = 6*j + 390. What is p(-64)?
6
Let n(d) = 863*d - 22438. What is n(26)?
0
Let m(z) = 3374*z - 381257. Give m(113).
5
Let x(o) = -3*o**3 + 81*o**2 - 139*o + 3766. Calculate x(27).
13
Let c(i) = -2*i**2 - 572*i - 13975. Give c(-27).
11
Let u(f) = 83*f - 470. Determine u(0).
-470
Let k(t) = t**2 + 28*t - 1102. Determine k(-50).
-2
Let b(j) = -j**3 - 37*j**2 - 342*j + 6. Determine b(-20).
46
Let x(u) = u**3 + 21*u**2 + 48*u + 160. Calculate x(-18).
268
Let g(n) = n**2 + 67*n - 122. What is g(-68)?
-54
Let b(o) = 2*o**2 + 91*o - 1453. Calculate b(-58).
-3
Let n(s) = -2*s**3 + 39*s**2 - 129*s - 148. What is n(5)?
-68
Let x(p) = -5*p**2 - 132*p - 836. Calculate x(-14).
32
Let r(i) = -i**3 + 14*i**2 - 24*i - 178. Calculate r(8).
14
Let g(x) = -1802*x + 7170. Give g(4).
-38
Let x(z) = -112*z + 6618. Give x(59).
10
Let z(q) = 56*q - 87. Give z(2).
25
Let j(f) = f**2 + 358*f - 2171. Determine j(6).
13
Let a(b) = b**3 - 12*b**2 + 4*b - 3. Determine a(10).
-163
Let b(x) = x**3 + 19*x**2 - 479*x - 8939. Give b(-18).
7
Let i(a) = 73*a + 2701. Give i(-37).
0
Let b(o) = -o**2 - 14*o + 1231. Determine b(29).
-16
Let b(s) = 3*s**2 + 42*s + 145. What is b(-7)?
-2
Let u(j) = -j**2 - 974*j - 25569. Give u(-27).
0
Let n(i) = i**3 + 2*i**2 - 19*i - 8. Give n(-3).
40
Let k(g) = 20*g - 880. What is k(35)?
-180
Let q(f) = 2*f**3 - 18*f**2 - 29*f + 48. What is q(12)?
564
Let b(u) = u**2 + 10*u - 383. Calculate b(15).
-8
Let r(i) = -9*i**2 + 404*i + 1220. Give r(-3).
-73
Let f(i) = -165*i + 1473. What is f(9)?
-12
Let s(m) = -147*m - 1836. What is s(-12)?
-72
Let y(s) = -1340*s - 30804. Calculate y(-23).
16
Let m(x) = -3*x**2 + 52*x + 237. Calculate m(20).
77
Let f(c) = c**3 - 7*c**2 - c + 34. What is f(3)?
-5
Let i(b) = -4*b**3 + 37*b**2 + 401*b - 372. What is i(-7)?
6
Let r(u) = -u**2 - 41*u - 266. What is r(-19)?
152
Let g(r) = -28*r - 996. Calculate g(-36).
12
Let h(d) = -694*d + 1392. Calculate h(2).
4
Let b(t) = -272*t - 5703. What is b(-21)?
9
Let k(j) = -j**3 + 30*j**2 + 2373*j - 113. What is k(-36)?
-5
Let h(m) = -9*m**2 - 227*m + 181. Calculate h(-26).
-1
Let l(m) = -5*m**2 + 313*m - 1339. What is l(58)?
-5
Let k(v) = v**3 - 25*v**2 + 91*v + 15. What is k(20)?
-165
Let n(j) = 2*j**2 + 3*j + 23. Determine n(-5).
58
Let d(b) = b**3 + 6*b**2 + 494*b + 1970. Give d(-4).
26
Let b(z) = 6*z**2 + 88*z + 135. What is b(-13)?
5
Let f(p) = -p**3 + 9*p**2 + 9*p - 8. Determine f(7).
153
Let i(v) = -v**3 + 12*v**2 + 91*v + 55. What is i(17)?
157
Let p(d) = d**2 - 119*d - 1164.